when p(0) is divided by 16?
13
Suppose 0 = 4*c + m - 19, -4*m = 4*c - 22 + 6. Suppose 0*q + 3*q + 203 = 5*f, c*f = 4*q + 199. Calculate the remainder when f is divided by 15.
13
Suppose -4*d = -4*n - 116, 5*d - 24 - 109 = -n. Let r = -22 + 37. What is the remainder when d is divided by r?
12
Suppose -d - 1 = -2*d. Suppose 33 + 27 = 3*w. Calculate the remainder when 0 - (-40 + (d - -1)) is divided by w.
18
Let g = -109 + 62. Let x = -25 - g. What is the remainder when x is divided by 12?
10
Suppose -5*q + 20 = -3*q. Suppose -2 + 10 = -4*y, 13 = -3*n + y. Let p(c) = 2*c**2 + c - 7. What is the remainder when p(n) is divided by q?
8
Suppose -1119 = 5*g + 481. Calculate the remainder when (-8)/(-28) - g/7 is divided by 12.
10
Suppose 3 + 1 = 2*v. Let k be (0 - v) + 0 + 5. Suppose 6*g - 84 = k*g. Calculate the remainder when g is divided by 10.
8
Let p(l) = l**3 - 7*l**2 - 6*l + 10. Let y(f) = 9*f**3 - f**2 + f - 1. Let a be y(1). Let v = 21 + -7. Calculate the remainder when p(a) is divided by v.
12
Suppose 8*z + 91 - 1083 = 0. What is the remainder when z is divided by 32?
28
Let q = 46 - 27. Suppose 9 = 4*z - q. Let t = 5 + -1. What is the remainder when z is divided by t?
3
Let t(h) = -2*h**2 - 13*h + 3. What is the remainder when 17 is divided by t(-6)?
8
Suppose -5*w + 0*w - s + 134 = 0, -2*s + 79 = 3*w. What is the remainder when w is divided by 21?
6
Let c(w) = 7*w - 13. Calculate the remainder when 72 is divided by c(6).
14
Let w(t) = 9*t - 62. Suppose -4*y = -150 + 54. Calculate the remainder when w(12) is divided by y.
22
Suppose 5*k - 4*g = 87, 3*k + 0*g - 63 = -3*g. Calculate the remainder when k is divided by 4.
3
Suppose -125 = -4*w - 3*b + 53, 5*w + 2*b = 219. What is the remainder when w is divided by 9?
7
Suppose 10*f - 5*f = 2*d + 55, -f + 3*d + 11 = 0. Let c = f - -8. Calculate the remainder when 36 is divided by c.
17
Let w be (2 - (-2 + 2))/(-1). Let n = w + 2. Suppose n*s + 140 = 4*s. Calculate the remainder when s is divided by 18.
17
Let t(f) be the first derivative of f**2/2 + 9*f - 3. Calculate the remainder when 46 is divided by t(7).
14
Let a(r) = r**2 - 5*r - 1. Suppose n + 114 = 4*n. What is the remainder when n is divided by a(7)?
12
Suppose 5*c + 14 + 11 = 0, 319 = 4*n + c. What is the remainder when n is divided by 21?
18
Calculate the remainder when 243 is divided by (14 - 0)*((-15)/6 + 5).
33
Suppose -10*m + 281 = 41. Let z = -139 + 234. Calculate the remainder when z is divided by m.
23
Let r(b) = 6*b**2. Suppose j = 14 - 1. What is the remainder when r(2) is divided by j?
11
Let f = 6 - -6. What is the remainder when 46 is divided by f?
10
Let i = -72 - -87. Calculate the remainder when i is divided by 6.
3
Let d be -4 + 1 - 96/(-2). Suppose 6*p = p + d. What is the remainder when 26 is divided by p?
8
Suppose 0*c = 2*c - 5*d + 7, 3*c = -d + 32. Calculate the remainder when c is divided by 4.
1
Suppose 5 = -5*q - 0, 3*q = -4*y + 133. Suppose -3*o + 35 + 1 = 0. Calculate the remainder when y is divided by o.
10
Let b(w) = w**3 + 9*w**2 - w. What is the remainder when b(-9) is divided by 3 + -2 - (3 + -5)?
0
Let m be (9 - -1)/((-4)/14). Let v = m + 52. What is the remainder when v is divided by 10?
7
Let t(u) = -u**2 + 10*u - 14. What is the remainder when 13 is divided by t(8)?
1
Suppose v = x - 41 - 72, 2*v = -5*x + 551. What is the remainder when x is divided by 28?
27
Suppose j = -3*d + 26, 0*j + 4*j - 3*d - 59 = 0. Let q(f) = 3*f - 9. Let n = -1 - -7. Calculate the remainder when j is divided by q(n).
8
Let n(h) = -27*h**2 + 2*h. Let b(l) = 28*l**2 - 3*l. Let t(x) = -3*b(x) - 4*n(x). What is the remainder when t(1) is divided by 13?
12
Let c = 41 + -37. Suppose 8 = 4*v + 3*g + g, -2*v - 3*g = 0. Calculate the remainder when v is divided by c.
2
Let y = -6 - -10. Let z(s) = 2*s**2 + 4*s. Let o be z(6). Suppose x = y*x - o. Calculate the remainder when x is divided by 11.
10
Let n = -3 + 2. Let p(t) = -15*t + 1. Suppose -3*j - 4*h = -141, 0 = -j + 4*h - 3 + 50. What is the remainder when j is divided by p(n)?
15
Let l(a) = 6*a - 20. Calculate the remainder when 37 is divided by l(5).
7
Let z be 2 - 0 - 40/2. Let d be (z/5)/((-1)/5). What is the remainder when ((-56)/12)/((-4)/d) is divided by 11?
10
Let f be (-10 + 4)*6/(-4). Suppose 4*n - n = f. Suppose -2*c - 15 = c, n*p = -c + 19. What is the remainder when 29 is divided by p?
5
Let l(i) = i**3 + 2*i**2 - 1. Suppose 0 = -8*z + 3*z + 1085. Suppose -s + z = 5*c - 3*s, 4*s = 3*c - 133. Calculate the remainder when c is divided by l(2).
13
Suppose w + 364 - 95 = 4*h, h - 64 = -3*w. Calculate the remainder when h is divided by 25.
17
Suppose 0 = -2*q - 3*g + 239, -4*g = 2 + 10. Calculate the remainder when q is divided by 32.
28
Let z(b) = 24*b**2 + b - 2. Calculate the remainder when z(1) is divided by 8.
7
Suppose 63 = 2*v + v. Suppose -6*l + 0 + 66 = 0. Calculate the remainder when v is divided by l.
10
Let d(v) = 2*v**2 - 14*v + 7. Let y be d(7). Let a(o) = -4 + 1 - o + 17. Calculate the remainder when a(y) is divided by 4.
3
Let g = 5 + -1. Suppose 54 = g*j - 14. Calculate the remainder when j is divided by 6.
5
Let h be (1/(-2))/((-2)/20). Let z = -4 + h. What is the remainder when (2/6)/(2/6) is divided by z?
0
Let g be 50*((-4)/10)/1. Let c = -9 - g. Let h = -25 - -45. Calculate the remainder when h is divided by c.
9
Let j be (-80)/(-12)*6 + -2. Suppose 2*m + 4*c - 44 = -2*m, -4*m - c + j = 0. Calculate the remainder when 15 is divided by m.
6
Suppose -5*k + 2*j + 48 = -20, -5*j - 56 = -3*k. Let x(v) = v**2 - 7*v + 7. What is the remainder when k is divided by x(7)?
5
Suppose -199 = -5*g + 156. What is the remainder when g is divided by 24?
23
Suppose 5*i = 3*b, 0 = i - 4*i + 3*b - 6. Calculate the remainder when 9 is divided by i.
0
Let k(v) = 3*v + 14. Let u be k(-6). Let o = u + 11. What is the remainder when 18 is divided by o?
4
Let z = 34 - 20. Suppose -2*m = y - 5 - z, 0 = -4*m + 12. What is the remainder when 24 is divided by y?
11
Suppose 108 = 2*v + 2*v. Suppose -r - 4*d + 9 = 0, v = 3*r + 2*r + 2*d. Calculate the remainder when r is divided by 3.
2
Suppose u - 3 - 1 = 0. What is the remainder when (-19)/(-1 - (-2 + 2)) is divided by (u/1)/1 - -3?
5
Let l be -66*1*1 + -2. Calculate the remainder when 31 is divided by l/(-6) + (-2)/6.
9
Let h = -2 - -4. Let w = h + 3. Suppose -2*z - 87 = -5*p - 0*z, -z = w*p - 84. What is the remainder when p is divided by 6?
5
What is the remainder when ((-502)/8)/(-1) - (-8)/32 is divided by 23?
17
Let z = 23 - 12. Let m = 3 + z. Suppose 2*q + 4 = s, 5*q - 2 = -4*s + m. Calculate the remainder when 6 is divided by s.
2
Suppose -4 = -4*c + 4*l, 3 = 2*c - 0*l - l. What is the remainder when c is divided by 1?
0
Let z = -6 + 10. Suppose 0 = -z*h + 20 + 40. Let s = 51 - 23. Calculate the remainder when s is divided by h.
13
Let l be ((-18)/12)/(6/(-184)). Suppose 0 = -3*f + f + l. Calculate the remainder when f is divided by 12.
11
Suppose 20 = -4*m - 36. Let w = -8 - m. Suppose -q + w = -11. Calculate the remainder when q is divided by 9.
8
Suppose 0*o = -2*o + 46. Calculate the remainder when 45 is divided by o + (1 - 3 - -2).
22
Suppose 3*x + j = -12 - 8, 0 = -3*x - 5*j - 28. Let q(v) = -3*v - 2. Calculate the remainder when 30 is divided by q(x).
14
Suppose 7*s + 76 = 9*s. Let g = s + 25. What is the remainder when g is divided by 22?
19
Let b be -5*((-6)/15 + 1). Let z be (-14)/4*(2 + 2). Let k = b - z. What is the remainder when k is divided by 4?
3
Let w(p) = -p + 1. Let r(c) = 2*c**2 + 8*c - 3. Let f(g) = r(g) + 6*w(g). Calculate the remainder when f(-4) is divided by 15.
12
Suppose -3*k + 6*k + 4*i - 272 = 0, -4*k + 360 = 4*i. What is the remainder when k is divided by 19?
12
Suppose 0 = 2*y - 4 - 0. Let r = 6 + y. Calculate the remainder when 23 is divided by r.
7
Suppose 5*h - 166 + 21 = 0. Calculate the remainder when 143 is divided by h.
27
Let b(t) = 24*t - 30. Calculate the remainder when b(8) is divided by 55.
52
Let j(y) = y**2 + 7*y + 9. Suppose 4*f = -8, 4*d = 3*f + 25 + 13. What is the remainder when d is divided by j(-6)?
2
Suppose 4 = 5*k + 34. Let m = -5 - k. What is the remainder when m is divided by 1?
0
Suppose 3*z = 2*n + 60 - 6, 18 = z - 3*n. Calculate the remainder when z is divi